{"id":16,"date":"2017-04-26T14:55:31","date_gmt":"2017-04-26T17:55:31","guid":{"rendered":"http:\/\/metalurgicacruzeirodosul.com.br\/site\/?page_id=16"},"modified":"2017-06-30T15:10:41","modified_gmt":"2017-06-30T18:10:41","slug":"produtos","status":"publish","type":"page","link":"http:\/\/metalurgicacruzeirodosul.com.br\/site\/produtos\/","title":{"rendered":"Produtos"},"content":{"rendered":"<p>Esquadrias de alum\u00ednio em perfis das linhas 25, 30, 42, Suprema e Gold, anodizados ou em pintura eletrost\u00e1tica de v\u00e1rias cores;<br \/>\nGrades em perfis de alum\u00ednio ou ferro com port\u00f5es autom\u00e1ticos;<br \/>\nJanelas tipo guilhotina com contra-peso;<br \/>\nJanelas com persianas integradas;<br \/>\nPortas e Janelas com vidro termo ac\u00fastico;<br \/>\nCoberturas em perfis de alum\u00ednio com vidro laminado, policarbonato ou telha t\u00e9rmica;<br \/>\nJirau e guarda-corpos;<br \/>\nCorrim\u00e3o para entrada ou escadas de servi\u00e7os de edif\u00edcios;<\/p>\n<p>&nbsp;<\/p>\n<div id='gallery-1' class='gallery galleryid-16 gallery-columns-5 gallery-size-thumbnail'><figure class='gallery-item'>\n\t\t\t<div class='gallery-icon landscape'>\n\t\t\t\t<a href='http:\/\/metalurgicacruzeirodosul.com.br\/site\/wp-content\/uploads\/2017\/04\/2-1.jpg'><img width=\"150\" height=\"150\" src=\"http:\/\/metalurgicacruzeirodosul.com.br\/site\/wp-content\/uploads\/2017\/04\/2-1-150x150.jpg\" class=\"attachment-thumbnail size-thumbnail\" alt=\"\" loading=\"lazy\" srcset=\"http:\/\/metalurgicacruzeirodosul.com.br\/site\/wp-content\/uploads\/2017\/04\/2-1-150x150.jpg 150w, http:\/\/metalurgicacruzeirodosul.com.br\/site\/wp-content\/uploads\/2017\/04\/2-1-250x250.jpg 250w, http:\/\/metalurgicacruzeirodosul.com.br\/site\/wp-content\/uploads\/2017\/04\/2-1-174x174.jpg 174w\" sizes=\"(max-width: 150px) 100vw, 150px\" \/><\/a>\n\t\t\t<\/div><\/figure><figure class='gallery-item'>\n\t\t\t<div class='gallery-icon landscape'>\n\t\t\t\t<a href='http:\/\/metalurgicacruzeirodosul.com.br\/site\/wp-content\/uploads\/2017\/04\/2-2.jpg'><img width=\"150\" height=\"150\" src=\"http:\/\/metalurgicacruzeirodosul.com.br\/site\/wp-content\/uploads\/2017\/04\/2-2-150x150.jpg\" class=\"attachment-thumbnail size-thumbnail\" alt=\"\" loading=\"lazy\" srcset=\"http:\/\/metalurgicacruzeirodosul.com.br\/site\/wp-content\/uploads\/2017\/04\/2-2-150x150.jpg 150w, http:\/\/metalurgicacruzeirodosul.com.br\/site\/wp-content\/uploads\/2017\/04\/2-2-250x250.jpg 250w, http:\/\/metalurgicacruzeirodosul.com.br\/site\/wp-content\/uploads\/2017\/04\/2-2-174x174.jpg 174w\" sizes=\"(max-width: 150px) 100vw, 150px\" \/><\/a>\n\t\t\t<\/div><\/figure><figure class='gallery-item'>\n\t\t\t<div class='gallery-icon landscape'>\n\t\t\t\t<a href='http:\/\/metalurgicacruzeirodosul.com.br\/site\/wp-content\/uploads\/2017\/04\/2-3.jpg'><img width=\"150\" height=\"150\" src=\"http:\/\/metalurgicacruzeirodosul.com.br\/site\/wp-content\/uploads\/2017\/04\/2-3-150x150.jpg\" class=\"attachment-thumbnail size-thumbnail\" alt=\"\" loading=\"lazy\" srcset=\"http:\/\/metalurgicacruzeirodosul.com.br\/site\/wp-content\/uploads\/2017\/04\/2-3-150x150.jpg 150w, http:\/\/metalurgicacruzeirodosul.com.br\/site\/wp-content\/uploads\/2017\/04\/2-3-250x250.jpg 250w, http:\/\/metalurgicacruzeirodosul.com.br\/site\/wp-content\/uploads\/2017\/04\/2-3-174x174.jpg 174w\" sizes=\"(max-width: 150px) 100vw, 150px\" \/><\/a>\n\t\t\t<\/div><\/figure><figure class='gallery-item'>\n\t\t\t<div class='gallery-icon landscape'>\n\t\t\t\t<a href='http:\/\/metalurgicacruzeirodosul.com.br\/site\/wp-content\/uploads\/2017\/04\/2-4.jpg'><img width=\"150\" height=\"150\" src=\"http:\/\/metalurgicacruzeirodosul.com.br\/site\/wp-content\/uploads\/2017\/04\/2-4-150x150.jpg\" class=\"attachment-thumbnail size-thumbnail\" alt=\"\" loading=\"lazy\" srcset=\"http:\/\/metalurgicacruzeirodosul.com.br\/site\/wp-content\/uploads\/2017\/04\/2-4-150x150.jpg 150w, http:\/\/metalurgicacruzeirodosul.com.br\/site\/wp-content\/uploads\/2017\/04\/2-4-250x250.jpg 250w, http:\/\/metalurgicacruzeirodosul.com.br\/site\/wp-content\/uploads\/2017\/04\/2-4-174x174.jpg 174w\" sizes=\"(max-width: 150px) 100vw, 150px\" \/><\/a>\n\t\t\t<\/div><\/figure><figure class='gallery-item'>\n\t\t\t<div class='gallery-icon landscape'>\n\t\t\t\t<a href='http:\/\/metalurgicacruzeirodosul.com.br\/site\/wp-content\/uploads\/2017\/04\/2-5.jpg'><img width=\"150\" height=\"150\" src=\"http:\/\/metalurgicacruzeirodosul.com.br\/site\/wp-content\/uploads\/2017\/04\/2-5-150x150.jpg\" class=\"attachment-thumbnail size-thumbnail\" alt=\"\" loading=\"lazy\" srcset=\"http:\/\/metalurgicacruzeirodosul.com.br\/site\/wp-content\/uploads\/2017\/04\/2-5-150x150.jpg 150w, http:\/\/metalurgicacruzeirodosul.com.br\/site\/wp-content\/uploads\/2017\/04\/2-5-250x250.jpg 250w, http:\/\/metalurgicacruzeirodosul.com.br\/site\/wp-content\/uploads\/2017\/04\/2-5-174x174.jpg 174w\" sizes=\"(max-width: 150px) 100vw, 150px\" \/><\/a>\n\t\t\t<\/div><\/figure><figure class='gallery-item'>\n\t\t\t<div class='gallery-icon landscape'>\n\t\t\t\t<a href='http:\/\/metalurgicacruzeirodosul.com.br\/site\/wp-content\/uploads\/2017\/04\/2-6.jpg'><img width=\"150\" height=\"150\" src=\"http:\/\/metalurgicacruzeirodosul.com.br\/site\/wp-content\/uploads\/2017\/04\/2-6-150x150.jpg\" class=\"attachment-thumbnail size-thumbnail\" alt=\"\" loading=\"lazy\" srcset=\"http:\/\/metalurgicacruzeirodosul.com.br\/site\/wp-content\/uploads\/2017\/04\/2-6-150x150.jpg 150w, http:\/\/metalurgicacruzeirodosul.com.br\/site\/wp-content\/uploads\/2017\/04\/2-6-250x250.jpg 250w, http:\/\/metalurgicacruzeirodosul.com.br\/site\/wp-content\/uploads\/2017\/04\/2-6-174x174.jpg 174w\" sizes=\"(max-width: 150px) 100vw, 150px\" \/><\/a>\n\t\t\t<\/div><\/figure><figure class='gallery-item'>\n\t\t\t<div class='gallery-icon landscape'>\n\t\t\t\t<a href='http:\/\/metalurgicacruzeirodosul.com.br\/site\/wp-content\/uploads\/2017\/04\/2-7.jpg'><img width=\"150\" height=\"150\" src=\"http:\/\/metalurgicacruzeirodosul.com.br\/site\/wp-content\/uploads\/2017\/04\/2-7-150x150.jpg\" class=\"attachment-thumbnail size-thumbnail\" alt=\"\" loading=\"lazy\" srcset=\"http:\/\/metalurgicacruzeirodosul.com.br\/site\/wp-content\/uploads\/2017\/04\/2-7-150x150.jpg 150w, http:\/\/metalurgicacruzeirodosul.com.br\/site\/wp-content\/uploads\/2017\/04\/2-7-250x250.jpg 250w, http:\/\/metalurgicacruzeirodosul.com.br\/site\/wp-content\/uploads\/2017\/04\/2-7-174x174.jpg 174w\" sizes=\"(max-width: 150px) 100vw, 150px\" \/><\/a>\n\t\t\t<\/div><\/figure><figure class='gallery-item'>\n\t\t\t<div class='gallery-icon landscape'>\n\t\t\t\t<a href='http:\/\/metalurgicacruzeirodosul.com.br\/site\/wp-content\/uploads\/2017\/04\/2-8.jpg'><img width=\"150\" height=\"150\" src=\"http:\/\/metalurgicacruzeirodosul.com.br\/site\/wp-content\/uploads\/2017\/04\/2-8-150x150.jpg\" class=\"attachment-thumbnail size-thumbnail\" alt=\"\" loading=\"lazy\" srcset=\"http:\/\/metalurgicacruzeirodosul.com.br\/site\/wp-content\/uploads\/2017\/04\/2-8-150x150.jpg 150w, http:\/\/metalurgicacruzeirodosul.com.br\/site\/wp-content\/uploads\/2017\/04\/2-8-250x250.jpg 250w, http:\/\/metalurgicacruzeirodosul.com.br\/site\/wp-content\/uploads\/2017\/04\/2-8-174x174.jpg 174w\" sizes=\"(max-width: 150px) 100vw, 150px\" \/><\/a>\n\t\t\t<\/div><\/figure><figure class='gallery-item'>\n\t\t\t<div class='gallery-icon landscape'>\n\t\t\t\t<a href='http:\/\/metalurgicacruzeirodosul.com.br\/site\/wp-content\/uploads\/2017\/04\/2-9.jpg'><img width=\"150\" height=\"150\" src=\"http:\/\/metalurgicacruzeirodosul.com.br\/site\/wp-content\/uploads\/2017\/04\/2-9-150x150.jpg\" class=\"attachment-thumbnail size-thumbnail\" alt=\"\" loading=\"lazy\" srcset=\"http:\/\/metalurgicacruzeirodosul.com.br\/site\/wp-content\/uploads\/2017\/04\/2-9-150x150.jpg 150w, http:\/\/metalurgicacruzeirodosul.com.br\/site\/wp-content\/uploads\/2017\/04\/2-9-250x250.jpg 250w, http:\/\/metalurgicacruzeirodosul.com.br\/site\/wp-content\/uploads\/2017\/04\/2-9-174x174.jpg 174w\" sizes=\"(max-width: 150px) 100vw, 150px\" \/><\/a>\n\t\t\t<\/div><\/figure><figure class='gallery-item'>\n\t\t\t<div class='gallery-icon portrait'>\n\t\t\t\t<a href='http:\/\/metalurgicacruzeirodosul.com.br\/site\/wp-content\/uploads\/2017\/04\/2-10.jpg'><img width=\"150\" height=\"150\" src=\"http:\/\/metalurgicacruzeirodosul.com.br\/site\/wp-content\/uploads\/2017\/04\/2-10-150x150.jpg\" class=\"attachment-thumbnail size-thumbnail\" alt=\"\" loading=\"lazy\" srcset=\"http:\/\/metalurgicacruzeirodosul.com.br\/site\/wp-content\/uploads\/2017\/04\/2-10-150x150.jpg 150w, http:\/\/metalurgicacruzeirodosul.com.br\/site\/wp-content\/uploads\/2017\/04\/2-10-250x250.jpg 250w, http:\/\/metalurgicacruzeirodosul.com.br\/site\/wp-content\/uploads\/2017\/04\/2-10-174x174.jpg 174w\" sizes=\"(max-width: 150px) 100vw, 150px\" \/><\/a>\n\t\t\t<\/div><\/figure><figure class='gallery-item'>\n\t\t\t<div class='gallery-icon landscape'>\n\t\t\t\t<a href='http:\/\/metalurgicacruzeirodosul.com.br\/site\/wp-content\/uploads\/2017\/04\/2-11.jpg'><img width=\"150\" height=\"150\" src=\"http:\/\/metalurgicacruzeirodosul.com.br\/site\/wp-content\/uploads\/2017\/04\/2-11-150x150.jpg\" class=\"attachment-thumbnail size-thumbnail\" alt=\"\" loading=\"lazy\" srcset=\"http:\/\/metalurgicacruzeirodosul.com.br\/site\/wp-content\/uploads\/2017\/04\/2-11-150x150.jpg 150w, http:\/\/metalurgicacruzeirodosul.com.br\/site\/wp-content\/uploads\/2017\/04\/2-11-300x300.jpg 300w, http:\/\/metalurgicacruzeirodosul.com.br\/site\/wp-content\/uploads\/2017\/04\/2-11-250x250.jpg 250w, http:\/\/metalurgicacruzeirodosul.com.br\/site\/wp-content\/uploads\/2017\/04\/2-11-174x174.jpg 174w, http:\/\/metalurgicacruzeirodosul.com.br\/site\/wp-content\/uploads\/2017\/04\/2-11.jpg 640w\" sizes=\"(max-width: 150px) 100vw, 150px\" \/><\/a>\n\t\t\t<\/div><\/figure><figure class='gallery-item'>\n\t\t\t<div class='gallery-icon landscape'>\n\t\t\t\t<a href='http:\/\/metalurgicacruzeirodosul.com.br\/site\/wp-content\/uploads\/2017\/04\/2-12.jpg'><img width=\"150\" height=\"150\" src=\"http:\/\/metalurgicacruzeirodosul.com.br\/site\/wp-content\/uploads\/2017\/04\/2-12-150x150.jpg\" class=\"attachment-thumbnail size-thumbnail\" alt=\"\" loading=\"lazy\" srcset=\"http:\/\/metalurgicacruzeirodosul.com.br\/site\/wp-content\/uploads\/2017\/04\/2-12-150x150.jpg 150w, http:\/\/metalurgicacruzeirodosul.com.br\/site\/wp-content\/uploads\/2017\/04\/2-12-300x300.jpg 300w, http:\/\/metalurgicacruzeirodosul.com.br\/site\/wp-content\/uploads\/2017\/04\/2-12-250x250.jpg 250w, http:\/\/metalurgicacruzeirodosul.com.br\/site\/wp-content\/uploads\/2017\/04\/2-12-174x174.jpg 174w, http:\/\/metalurgicacruzeirodosul.com.br\/site\/wp-content\/uploads\/2017\/04\/2-12.jpg 640w\" sizes=\"(max-width: 150px) 100vw, 150px\" \/><\/a>\n\t\t\t<\/div><\/figure><figure class='gallery-item'>\n\t\t\t<div class='gallery-icon portrait'>\n\t\t\t\t<a href='http:\/\/metalurgicacruzeirodosul.com.br\/site\/wp-content\/uploads\/2017\/04\/2-14.jpg'><img width=\"150\" height=\"150\" src=\"http:\/\/metalurgicacruzeirodosul.com.br\/site\/wp-content\/uploads\/2017\/04\/2-14-150x150.jpg\" class=\"attachment-thumbnail size-thumbnail\" alt=\"\" loading=\"lazy\" srcset=\"http:\/\/metalurgicacruzeirodosul.com.br\/site\/wp-content\/uploads\/2017\/04\/2-14-150x150.jpg 150w, http:\/\/metalurgicacruzeirodosul.com.br\/site\/wp-content\/uploads\/2017\/04\/2-14-250x250.jpg 250w, http:\/\/metalurgicacruzeirodosul.com.br\/site\/wp-content\/uploads\/2017\/04\/2-14-174x174.jpg 174w\" sizes=\"(max-width: 150px) 100vw, 150px\" \/><\/a>\n\t\t\t<\/div><\/figure><figure class='gallery-item'>\n\t\t\t<div class='gallery-icon landscape'>\n\t\t\t\t<a href='http:\/\/metalurgicacruzeirodosul.com.br\/site\/wp-content\/uploads\/2017\/04\/2-15.jpg'><img width=\"150\" height=\"150\" src=\"http:\/\/metalurgicacruzeirodosul.com.br\/site\/wp-content\/uploads\/2017\/04\/2-15-150x150.jpg\" class=\"attachment-thumbnail size-thumbnail\" alt=\"\" loading=\"lazy\" srcset=\"http:\/\/metalurgicacruzeirodosul.com.br\/site\/wp-content\/uploads\/2017\/04\/2-15-150x150.jpg 150w, http:\/\/metalurgicacruzeirodosul.com.br\/site\/wp-content\/uploads\/2017\/04\/2-15-250x250.jpg 250w, http:\/\/metalurgicacruzeirodosul.com.br\/site\/wp-content\/uploads\/2017\/04\/2-15-174x174.jpg 174w\" sizes=\"(max-width: 150px) 100vw, 150px\" \/><\/a>\n\t\t\t<\/div><\/figure><figure class='gallery-item'>\n\t\t\t<div class='gallery-icon portrait'>\n\t\t\t\t<a href='http:\/\/metalurgicacruzeirodosul.com.br\/site\/wp-content\/uploads\/2017\/04\/2-16.jpg'><img width=\"150\" height=\"150\" src=\"http:\/\/metalurgicacruzeirodosul.com.br\/site\/wp-content\/uploads\/2017\/04\/2-16-150x150.jpg\" class=\"attachment-thumbnail size-thumbnail\" alt=\"\" loading=\"lazy\" srcset=\"http:\/\/metalurgicacruzeirodosul.com.br\/site\/wp-content\/uploads\/2017\/04\/2-16-150x150.jpg 150w, http:\/\/metalurgicacruzeirodosul.com.br\/site\/wp-content\/uploads\/2017\/04\/2-16-250x250.jpg 250w, http:\/\/metalurgicacruzeirodosul.com.br\/site\/wp-content\/uploads\/2017\/04\/2-16-174x174.jpg 174w\" sizes=\"(max-width: 150px) 100vw, 150px\" \/><\/a>\n\t\t\t<\/div><\/figure><figure class='gallery-item'>\n\t\t\t<div class='gallery-icon portrait'>\n\t\t\t\t<a href='http:\/\/metalurgicacruzeirodosul.com.br\/site\/wp-content\/uploads\/2017\/04\/2-17.jpg'><img width=\"150\" height=\"150\" src=\"http:\/\/metalurgicacruzeirodosul.com.br\/site\/wp-content\/uploads\/2017\/04\/2-17-150x150.jpg\" class=\"attachment-thumbnail size-thumbnail\" alt=\"\" loading=\"lazy\" srcset=\"http:\/\/metalurgicacruzeirodosul.com.br\/site\/wp-content\/uploads\/2017\/04\/2-17-150x150.jpg 150w, http:\/\/metalurgicacruzeirodosul.com.br\/site\/wp-content\/uploads\/2017\/04\/2-17-250x250.jpg 250w, http:\/\/metalurgicacruzeirodosul.com.br\/site\/wp-content\/uploads\/2017\/04\/2-17-174x174.jpg 174w\" sizes=\"(max-width: 150px) 100vw, 150px\" \/><\/a>\n\t\t\t<\/div><\/figure><figure class='gallery-item'>\n\t\t\t<div class='gallery-icon portrait'>\n\t\t\t\t<a href='http:\/\/metalurgicacruzeirodosul.com.br\/site\/wp-content\/uploads\/2017\/04\/2-19.jpg'><img width=\"150\" height=\"150\" src=\"http:\/\/metalurgicacruzeirodosul.com.br\/site\/wp-content\/uploads\/2017\/04\/2-19-150x150.jpg\" class=\"attachment-thumbnail size-thumbnail\" alt=\"\" loading=\"lazy\" srcset=\"http:\/\/metalurgicacruzeirodosul.com.br\/site\/wp-content\/uploads\/2017\/04\/2-19-150x150.jpg 150w, http:\/\/metalurgicacruzeirodosul.com.br\/site\/wp-content\/uploads\/2017\/04\/2-19-250x250.jpg 250w, http:\/\/metalurgicacruzeirodosul.com.br\/site\/wp-content\/uploads\/2017\/04\/2-19-174x174.jpg 174w\" sizes=\"(max-width: 150px) 100vw, 150px\" \/><\/a>\n\t\t\t<\/div><\/figure><figure class='gallery-item'>\n\t\t\t<div class='gallery-icon portrait'>\n\t\t\t\t<a href='http:\/\/metalurgicacruzeirodosul.com.br\/site\/wp-content\/uploads\/2017\/04\/2-20.jpg'><img width=\"150\" height=\"150\" src=\"http:\/\/metalurgicacruzeirodosul.com.br\/site\/wp-content\/uploads\/2017\/04\/2-20-150x150.jpg\" class=\"attachment-thumbnail size-thumbnail\" alt=\"\" loading=\"lazy\" srcset=\"http:\/\/metalurgicacruzeirodosul.com.br\/site\/wp-content\/uploads\/2017\/04\/2-20-150x150.jpg 150w, http:\/\/metalurgicacruzeirodosul.com.br\/site\/wp-content\/uploads\/2017\/04\/2-20-250x250.jpg 250w, http:\/\/metalurgicacruzeirodosul.com.br\/site\/wp-content\/uploads\/2017\/04\/2-20-174x174.jpg 174w\" sizes=\"(max-width: 150px) 100vw, 150px\" \/><\/a>\n\t\t\t<\/div><\/figure><figure class='gallery-item'>\n\t\t\t<div class='gallery-icon portrait'>\n\t\t\t\t<a href='http:\/\/metalurgicacruzeirodosul.com.br\/site\/wp-content\/uploads\/2017\/04\/2-21.jpg'><img width=\"150\" height=\"150\" src=\"http:\/\/metalurgicacruzeirodosul.com.br\/site\/wp-content\/uploads\/2017\/04\/2-21-150x150.jpg\" class=\"attachment-thumbnail size-thumbnail\" alt=\"\" loading=\"lazy\" srcset=\"http:\/\/metalurgicacruzeirodosul.com.br\/site\/wp-content\/uploads\/2017\/04\/2-21-150x150.jpg 150w, http:\/\/metalurgicacruzeirodosul.com.br\/site\/wp-content\/uploads\/2017\/04\/2-21-250x250.jpg 250w, http:\/\/metalurgicacruzeirodosul.com.br\/site\/wp-content\/uploads\/2017\/04\/2-21-174x174.jpg 174w\" sizes=\"(max-width: 150px) 100vw, 150px\" \/><\/a>\n\t\t\t<\/div><\/figure><figure class='gallery-item'>\n\t\t\t<div class='gallery-icon landscape'>\n\t\t\t\t<a href='http:\/\/metalurgicacruzeirodosul.com.br\/site\/wp-content\/uploads\/2017\/04\/2-22.jpg'><img width=\"150\" height=\"150\" src=\"http:\/\/metalurgicacruzeirodosul.com.br\/site\/wp-content\/uploads\/2017\/04\/2-22-150x150.jpg\" class=\"attachment-thumbnail size-thumbnail\" alt=\"\" loading=\"lazy\" srcset=\"http:\/\/metalurgicacruzeirodosul.com.br\/site\/wp-content\/uploads\/2017\/04\/2-22-150x150.jpg 150w, http:\/\/metalurgicacruzeirodosul.com.br\/site\/wp-content\/uploads\/2017\/04\/2-22-250x250.jpg 250w, http:\/\/metalurgicacruzeirodosul.com.br\/site\/wp-content\/uploads\/2017\/04\/2-22-174x174.jpg 174w\" sizes=\"(max-width: 150px) 100vw, 150px\" \/><\/a>\n\t\t\t<\/div><\/figure><figure class='gallery-item'>\n\t\t\t<div class='gallery-icon landscape'>\n\t\t\t\t<a href='http:\/\/metalurgicacruzeirodosul.com.br\/site\/wp-content\/uploads\/2017\/04\/2-23.jpg'><img width=\"150\" height=\"150\" src=\"http:\/\/metalurgicacruzeirodosul.com.br\/site\/wp-content\/uploads\/2017\/04\/2-23-150x150.jpg\" class=\"attachment-thumbnail size-thumbnail\" alt=\"\" loading=\"lazy\" srcset=\"http:\/\/metalurgicacruzeirodosul.com.br\/site\/wp-content\/uploads\/2017\/04\/2-23-150x150.jpg 150w, http:\/\/metalurgicacruzeirodosul.com.br\/site\/wp-content\/uploads\/2017\/04\/2-23-250x250.jpg 250w, http:\/\/metalurgicacruzeirodosul.com.br\/site\/wp-content\/uploads\/2017\/04\/2-23-174x174.jpg 174w\" sizes=\"(max-width: 150px) 100vw, 150px\" \/><\/a>\n\t\t\t<\/div><\/figure><figure class='gallery-item'>\n\t\t\t<div class='gallery-icon landscape'>\n\t\t\t\t<a href='http:\/\/metalurgicacruzeirodosul.com.br\/site\/wp-content\/uploads\/2017\/04\/2-24.jpg'><img width=\"150\" height=\"150\" src=\"http:\/\/metalurgicacruzeirodosul.com.br\/site\/wp-content\/uploads\/2017\/04\/2-24-150x150.jpg\" class=\"attachment-thumbnail size-thumbnail\" alt=\"\" loading=\"lazy\" srcset=\"http:\/\/metalurgicacruzeirodosul.com.br\/site\/wp-content\/uploads\/2017\/04\/2-24-150x150.jpg 150w, http:\/\/metalurgicacruzeirodosul.com.br\/site\/wp-content\/uploads\/2017\/04\/2-24-250x250.jpg 250w, http:\/\/metalurgicacruzeirodosul.com.br\/site\/wp-content\/uploads\/2017\/04\/2-24-174x174.jpg 174w\" sizes=\"(max-width: 150px) 100vw, 150px\" \/><\/a>\n\t\t\t<\/div><\/figure><figure class='gallery-item'>\n\t\t\t<div class='gallery-icon portrait'>\n\t\t\t\t<a href='http:\/\/metalurgicacruzeirodosul.com.br\/site\/wp-content\/uploads\/2017\/04\/3-1.jpg'><img width=\"150\" height=\"150\" src=\"http:\/\/metalurgicacruzeirodosul.com.br\/site\/wp-content\/uploads\/2017\/04\/3-1-150x150.jpg\" class=\"attachment-thumbnail size-thumbnail\" alt=\"\" loading=\"lazy\" srcset=\"http:\/\/metalurgicacruzeirodosul.com.br\/site\/wp-content\/uploads\/2017\/04\/3-1-150x150.jpg 150w, http:\/\/metalurgicacruzeirodosul.com.br\/site\/wp-content\/uploads\/2017\/04\/3-1-250x250.jpg 250w, http:\/\/metalurgicacruzeirodosul.com.br\/site\/wp-content\/uploads\/2017\/04\/3-1-174x174.jpg 174w\" sizes=\"(max-width: 150px) 100vw, 150px\" \/><\/a>\n\t\t\t<\/div><\/figure><figure class='gallery-item'>\n\t\t\t<div class='gallery-icon portrait'>\n\t\t\t\t<a href='http:\/\/metalurgicacruzeirodosul.com.br\/site\/wp-content\/uploads\/2017\/04\/3-2.jpg'><img width=\"150\" height=\"150\" src=\"http:\/\/metalurgicacruzeirodosul.com.br\/site\/wp-content\/uploads\/2017\/04\/3-2-150x150.jpg\" class=\"attachment-thumbnail size-thumbnail\" alt=\"\" loading=\"lazy\" srcset=\"http:\/\/metalurgicacruzeirodosul.com.br\/site\/wp-content\/uploads\/2017\/04\/3-2-150x150.jpg 150w, http:\/\/metalurgicacruzeirodosul.com.br\/site\/wp-content\/uploads\/2017\/04\/3-2-250x250.jpg 250w, http:\/\/metalurgicacruzeirodosul.com.br\/site\/wp-content\/uploads\/2017\/04\/3-2-174x174.jpg 174w\" sizes=\"(max-width: 150px) 100vw, 150px\" \/><\/a>\n\t\t\t<\/div><\/figure><figure class='gallery-item'>\n\t\t\t<div class='gallery-icon portrait'>\n\t\t\t\t<a href='http:\/\/metalurgicacruzeirodosul.com.br\/site\/wp-content\/uploads\/2017\/04\/3-3.jpg'><img width=\"150\" height=\"150\" src=\"http:\/\/metalurgicacruzeirodosul.com.br\/site\/wp-content\/uploads\/2017\/04\/3-3-150x150.jpg\" class=\"attachment-thumbnail size-thumbnail\" alt=\"\" loading=\"lazy\" srcset=\"http:\/\/metalurgicacruzeirodosul.com.br\/site\/wp-content\/uploads\/2017\/04\/3-3-150x150.jpg 150w, http:\/\/metalurgicacruzeirodosul.com.br\/site\/wp-content\/uploads\/2017\/04\/3-3-250x250.jpg 250w, http:\/\/metalurgicacruzeirodosul.com.br\/site\/wp-content\/uploads\/2017\/04\/3-3-174x174.jpg 174w\" sizes=\"(max-width: 150px) 100vw, 150px\" \/><\/a>\n\t\t\t<\/div><\/figure><figure class='gallery-item'>\n\t\t\t<div class='gallery-icon portrait'>\n\t\t\t\t<a href='http:\/\/metalurgicacruzeirodosul.com.br\/site\/wp-content\/uploads\/2017\/04\/3-4.jpg'><img width=\"150\" height=\"150\" src=\"http:\/\/metalurgicacruzeirodosul.com.br\/site\/wp-content\/uploads\/2017\/04\/3-4-150x150.jpg\" class=\"attachment-thumbnail size-thumbnail\" alt=\"\" loading=\"lazy\" srcset=\"http:\/\/metalurgicacruzeirodosul.com.br\/site\/wp-content\/uploads\/2017\/04\/3-4-150x150.jpg 150w, http:\/\/metalurgicacruzeirodosul.com.br\/site\/wp-content\/uploads\/2017\/04\/3-4-250x250.jpg 250w, http:\/\/metalurgicacruzeirodosul.com.br\/site\/wp-content\/uploads\/2017\/04\/3-4-174x174.jpg 174w\" sizes=\"(max-width: 150px) 100vw, 150px\" \/><\/a>\n\t\t\t<\/div><\/figure><figure class='gallery-item'>\n\t\t\t<div class='gallery-icon landscape'>\n\t\t\t\t<a href='http:\/\/metalurgicacruzeirodosul.com.br\/site\/wp-content\/uploads\/2017\/04\/3-5.jpg'><img width=\"150\" height=\"150\" src=\"http:\/\/metalurgicacruzeirodosul.com.br\/site\/wp-content\/uploads\/2017\/04\/3-5-150x150.jpg\" class=\"attachment-thumbnail size-thumbnail\" alt=\"\" loading=\"lazy\" srcset=\"http:\/\/metalurgicacruzeirodosul.com.br\/site\/wp-content\/uploads\/2017\/04\/3-5-150x150.jpg 150w, http:\/\/metalurgicacruzeirodosul.com.br\/site\/wp-content\/uploads\/2017\/04\/3-5-250x250.jpg 250w, http:\/\/metalurgicacruzeirodosul.com.br\/site\/wp-content\/uploads\/2017\/04\/3-5-174x174.jpg 174w\" sizes=\"(max-width: 150px) 100vw, 150px\" \/><\/a>\n\t\t\t<\/div><\/figure><figure class='gallery-item'>\n\t\t\t<div class='gallery-icon portrait'>\n\t\t\t\t<a href='http:\/\/metalurgicacruzeirodosul.com.br\/site\/wp-content\/uploads\/2017\/04\/3-6.jpg'><img width=\"150\" height=\"150\" src=\"http:\/\/metalurgicacruzeirodosul.com.br\/site\/wp-content\/uploads\/2017\/04\/3-6-150x150.jpg\" class=\"attachment-thumbnail size-thumbnail\" alt=\"\" loading=\"lazy\" srcset=\"http:\/\/metalurgicacruzeirodosul.com.br\/site\/wp-content\/uploads\/2017\/04\/3-6-150x150.jpg 150w, http:\/\/metalurgicacruzeirodosul.com.br\/site\/wp-content\/uploads\/2017\/04\/3-6-250x250.jpg 250w, http:\/\/metalurgicacruzeirodosul.com.br\/site\/wp-content\/uploads\/2017\/04\/3-6-174x174.jpg 174w\" sizes=\"(max-width: 150px) 100vw, 150px\" \/><\/a>\n\t\t\t<\/div><\/figure><figure class='gallery-item'>\n\t\t\t<div class='gallery-icon portrait'>\n\t\t\t\t<a href='http:\/\/metalurgicacruzeirodosul.com.br\/site\/wp-content\/uploads\/2017\/04\/jpg.jpg'><img width=\"150\" height=\"150\" src=\"http:\/\/metalurgicacruzeirodosul.com.br\/site\/wp-content\/uploads\/2017\/04\/jpg-150x150.jpg\" class=\"attachment-thumbnail size-thumbnail\" alt=\"\" loading=\"lazy\" srcset=\"http:\/\/metalurgicacruzeirodosul.com.br\/site\/wp-content\/uploads\/2017\/04\/jpg-150x150.jpg 150w, http:\/\/metalurgicacruzeirodosul.com.br\/site\/wp-content\/uploads\/2017\/04\/jpg-250x250.jpg 250w, http:\/\/metalurgicacruzeirodosul.com.br\/site\/wp-content\/uploads\/2017\/04\/jpg-174x174.jpg 174w\" sizes=\"(max-width: 150px) 100vw, 150px\" \/><\/a>\n\t\t\t<\/div><\/figure>\n\t\t<\/div>\n\n","protected":false},"excerpt":{"rendered":"<p>Esquadrias de alum\u00ednio em perfis das linhas 25, 30, 42, Suprema e Gold, anodizados ou em pintura eletrost\u00e1tica de v\u00e1rias cores; Grades em perfis de alum\u00ednio ou ferro com port\u00f5es autom\u00e1ticos; Janelas tipo guilhotina com contra-peso; Janelas com persianas integradas; Portas e Janelas com vidro termo ac\u00fastico; Coberturas em perfis de alum\u00ednio com vidro laminado, <a href=\"http:\/\/metalurgicacruzeirodosul.com.br\/site\/produtos\/\" rel=\"nofollow\"><span class=\"sr-only\">Leia mais sobreProdutos<\/span>[&#8230;]<\/a><\/p>\n","protected":false},"author":1,"featured_media":0,"parent":0,"menu_order":0,"comment_status":"closed","ping_status":"closed","template":"template-fullwidth.php","meta":[],"_links":{"self":[{"href":"http:\/\/metalurgicacruzeirodosul.com.br\/site\/wp-json\/wp\/v2\/pages\/16"}],"collection":[{"href":"http:\/\/metalurgicacruzeirodosul.com.br\/site\/wp-json\/wp\/v2\/pages"}],"about":[{"href":"http:\/\/metalurgicacruzeirodosul.com.br\/site\/wp-json\/wp\/v2\/types\/page"}],"author":[{"embeddable":true,"href":"http:\/\/metalurgicacruzeirodosul.com.br\/site\/wp-json\/wp\/v2\/users\/1"}],"replies":[{"embeddable":true,"href":"http:\/\/metalurgicacruzeirodosul.com.br\/site\/wp-json\/wp\/v2\/comments?post=16"}],"version-history":[{"count":3,"href":"http:\/\/metalurgicacruzeirodosul.com.br\/site\/wp-json\/wp\/v2\/pages\/16\/revisions"}],"predecessor-version":[{"id":73,"href":"http:\/\/metalurgicacruzeirodosul.com.br\/site\/wp-json\/wp\/v2\/pages\/16\/revisions\/73"}],"wp:attachment":[{"href":"http:\/\/metalurgicacruzeirodosul.com.br\/site\/wp-json\/wp\/v2\/media?parent=16"}],"curies":[{"name":"wp","href":"https:\/\/api.w.org\/{rel}","templated":true}]}}